ate the greatest common factor of i and l.
4
Suppose 0 = -x + 3*g + 12, -2*x = -5*x - 5*g + 92. What is the greatest common factor of x and 60?
12
Suppose 1 = -3*c - 2. Let h be 3 - (21/c - 1). Let y = h + -23. What is the greatest common divisor of 3 and y?
1
Suppose 0 = -w + 6 - 5, 0 = 4*u + w - 49. What is the highest common factor of u and 69?
3
Let o = -55 - -121. Let n be (-3*2)/((-16)/8). Suppose n*l - l = 12. What is the greatest common factor of o and l?
6
Suppose -188*n = -180*n - 272. Calculate the greatest common divisor of 646 and n.
34
Suppose 5*v = 21 - 6. Let z = 57 - 69. Let n(h) = h**3 + 13*h**2 + 8*h - 24. Let j be n(z). Calculate the greatest common divisor of v and j.
3
Suppose r + 9*r = 60. Calculate the highest common divisor of r and 87.
3
Suppose -4*l + 27 + 1 = 0. Let b(q) = -q**2 - 3*q + 59. Let p be b(-9). Suppose -p*a - l = 13, 184 = 3*j - a. Calculate the highest common divisor of 12 and j.
12
Let c(q) = 58*q. Let m be c(4). What is the highest common divisor of m and 8?
8
Suppose -4*m = -m - 9. Suppose 2*v - 232 = t, -t = 2*v - m*t - 236. What is the greatest common divisor of v and 171?
57
Suppose 3*u - 3*f = 15 + 120, f + 205 = 5*u. What is the greatest common factor of u and 280?
40
Suppose -6*u = -9011 - 1213. What is the highest common divisor of 24 and u?
24
Suppose 0 = -9*y + 2487 - 624. Calculate the highest common factor of 92 and y.
23
Suppose -3*t + 15 = 0, -78 = -2*i - 0*i - 2*t. Suppose 2*d - 58 = i. What is the greatest common factor of 92 and d?
46
Let o be 5 - (1 - (2 - 4)). Suppose o*l + a = 174, 5*l - 6*a = -2*a + 422. Calculate the highest common divisor of l and 215.
43
Let z(t) = 4*t**2 + 4*t - 3. Let p be z(4). Let m(d) = d**3 - 11*d**2 + 20*d - 7. Let o be m(9). Calculate the highest common factor of o and p.
11
Suppose -190 + 50 = -4*f. Let m(l) = 2*l + 2. Let h be m(2). Let z be (-195)/26*(-4)/h. What is the highest common factor of f and z?
5
Suppose 5*f = 4*f + 11. Let a = 67 - f. Calculate the greatest common divisor of 140 and a.
28
Let k be -4*(9 + (-131 - -8)). What is the highest common factor of k and 57?
57
Suppose -27*z + 1930 - 418 = 0. Calculate the greatest common factor of z and 72.
8
Let q = 978 + -918. Suppose -1 = n - 13. Suppose 4*i = n + 108. What is the highest common factor of q and i?
30
Suppose -48*a = -6*a - 2646. Calculate the highest common factor of a and 35.
7
Suppose -485 = -5*z + a, a - 10 - 177 = -2*z. Calculate the greatest common divisor of z and 40.
8
Let a be ((-24)/(-28))/((-2)/(-280)). What is the highest common divisor of a and 72?
24
Suppose 3*h = -3*o - 2*h + 882, o - 294 = -h. What is the highest common divisor of 98 and o?
98
Let j be 15/(-15) + (2/(-2))/(-1). Suppose 5*a + c - 621 - 317 = 0, -3*a - 2*c + 567 = j. Calculate the greatest common factor of a and 17.
17
Suppose j = -11 + 59. Let a(t) = 9*t - 54. Let c be a(14). What is the greatest common divisor of j and c?
24
Suppose 4136 = 7*m + 1672. Calculate the greatest common factor of m and 48.
16
Let n(r) = -r**3 + 12*r**2 - 25*r - 8. Let c be n(4). Calculate the greatest common divisor of c and 92.
4
Suppose 55*s - 63*s + 3696 = 0. Calculate the greatest common divisor of 66 and s.
66
Suppose -2*h = -3*h + 5. Suppose -5*t + 26 = -4*c + 86, -4*c - 3*t = -60. What is the highest common factor of h and c?
5
Let u(p) = p**2 - p + 1. Let w be u(-3). Let b = 1434 + -1408. Calculate the highest common divisor of w and b.
13
Let g be ((-24)/(-4))/(-18)*-15. Suppose 2*p + 16 - 8 = 0, 0 = t + g*p - 246. What is the highest common factor of t and 14?
14
Let y(h) = -h + 7. Let r be y(-5). Let l = r + 4. Calculate the greatest common factor of l and 144.
16
Suppose -11 - 1 = -2*z. Suppose x + z = 4*x. Suppose x*s + 11 = 3*s. What is the highest common divisor of 77 and s?
11
Let t(q) = -18*q - 2. Let o be t(6). Let h = o + 146. Calculate the highest common divisor of 12 and h.
12
Let t(a) be the second derivative of -7*a**3/6 - 6*a**2 + 15*a. Let j be t(-4). Let o be ((1 - 1) + 1)*80. What is the greatest common divisor of j and o?
16
Let f(z) = z**3 + 9*z**2 + z - 11. Let t be f(-7). Calculate the greatest common divisor of t and 20.
20
Let r(x) = -x**3 - 5*x**2 - 3*x + 100. Let m be r(-10). Calculate the highest common factor of 70 and m.
70
Let w = 20 + -22. Let x = w - -3. Let t be (4 + 6/(-3))*x. What is the greatest common factor of t and 14?
2
Let q(y) = -y**2 - 14*y - 14. Let d be q(-12). Suppose -d*u + 256 = -6*u. Let x = 15 + 1. What is the highest common factor of u and x?
16
Let f = -120 + 87. Let t = 31 - f. Calculate the greatest common factor of 16 and t.
16
Let c = 89 - 83. Calculate the highest common divisor of 1 and c.
1
Let v be (3 - 2)*(-3 + 82). Let q = v - 46. What is the greatest common divisor of q and 11?
11
Suppose 399 = -10*u - 411. Let q = u + 84. Calculate the highest common factor of q and 4.
1
Let a = -25 + 35. Let c = a - -2. What is the highest common divisor of 6 and c?
6
Let j(x) = -17*x**3 - 7*x**2 - 23*x - 12. Let w be j(-4). What is the highest common divisor of 96 and w?
96
Suppose -3*i - 2*d + 128 = 0, 2*i = -3*d + d + 82. Suppose 0 = -7*c + 115 + i. Let y(x) = -23*x. Let b be y(-2). What is the highest common divisor of c and b?
23
Suppose 18 = 3*p - 3*y - 15, 4*y = -3*p + 47. Let n be (4010/(-4) - (-3)/2)*-1. Suppose -7*t - n = -14*t. Calculate the highest common divisor of t and p.
13
Suppose 5*g - 852 = -2*a, 3*g - 5*a - 507 = -2*a. What is the greatest common factor of g and 10?
10
Suppose 9*y - 112 = 2*y. Suppose -2*w - 2*k = -518, 4*k - 1292 = -8*w + 3*w. What is the greatest common factor of w and y?
16
Let g = 240 + -104. Suppose -2*c = 5*h - 0*c - g, 72 = 3*h - 2*c. Calculate the highest common factor of h and 2.
2
Let j be (-3 - (2 - 6))/1. What is the greatest common factor of 1 and j?
1
Let a(j) = -29*j + 564. Let z be a(12). Calculate the highest common factor of 16 and z.
8
Suppose 0 = -4*f + 8*q - 4*q + 1204, q + 599 = 2*f. Calculate the greatest common divisor of 2 and f.
2
Suppose -120 = -g + 4*o, 3*g + 4*o = g + 240. What is the highest common factor of 15 and g?
15
Suppose -6*l + 199 + 161 = 0. Suppose -l = -5*m + 40. Calculate the greatest common divisor of 180 and m.
20
Suppose -4*r - 59 = -3. Let n = r + 19. What is the greatest common divisor of n and 35?
5
Let p(y) be the second derivative of -y**5/20 + 13*y**4/12 - y**3 - 2*y**2 + 5*y. Let a be p(9). What is the highest common divisor of a and 38?
38
Suppose -3*k - 397 = -5*h, 2*h - k = h + 81. Calculate the highest common divisor of 924 and h.
77
Let y be (-12)/(-20) - 18370/(-50). What is the highest common factor of 16 and y?
16
Let i = 237 + -350. Let o = -64 - i. What is the greatest common divisor of o and 196?
49
Let t = -2 - -2. Suppose l + 3*s + s - 8 = t, 2*l = s + 16. Let b(k) = -37*k**2 - 480*k + 25. Let p be b(-13). Calculate the highest common divisor of l and p.
4
Let a = 77 - 57. Let i(q) = -3*q - 1. Let x be i(-1). Let y be (72/a)/(x/10). Calculate the highest common divisor of 144 and y.
18
Let n = 114 + -38. Suppose 15 = -7*i + 10*i. Suppose w - i*w = -n. What is the highest common factor of 38 and w?
19
Suppose 5447 = 17*q + 891. What is the greatest common factor of q and 335?
67
Let w(p) = p**3 - 8*p**2 - 3*p - 34. Let v be w(9). Calculate the highest common divisor of v and 980.
20
Let l be 2 - -1 - (-2 - -7). Let d(k) = -k + k**3 - 3*k**3 + k + 4*k. Let a be d(l). Calculate the highest common factor of a and 24.
8
Let y = -76 + 21. Let i = y - -85. What is the greatest common divisor of i and 45?
15
Let s(w) be the third derivative of -w**4/12 - 17*w**3/6 - 20*w**2. Let v be s(-15). Let h = 273 - 130. Calculate the greatest common divisor of v and h.
13
Suppose 0*o - 2 = -o. Let i be ((-2)/3)/(24/(-108)). Suppose d + 15 = 4*u, -i*u + 3 = -d - 2*u. What is the highest common factor of o and d?
1
Let v be -2 + 1 + 1 + -2. Suppose 442 - 2026 = 6*j. Let y be v/10 - j/20. Calculate the greatest common factor of y and 65.
13
Suppose 7 = -7*r + 77. Calculate the greatest common factor of r and 30.
10
Let c(u) = 20*u. Let i be c(1). Suppose -4*q = -186 - 534. Calculate the greatest common factor of i and q.
20
Suppose -4*b + 1407 = 5*n - 1432, -2*b = n - 569. Calcula